 - 2. Let v be g(-1). Calculate the highest common divisor of v and 150.
6
Let u = 260 - 252. What is the greatest common factor of 124 and u?
4
Suppose 7*a + 3480 = 12*a. Calculate the highest common divisor of 24 and a.
24
Let g(f) = -f + 11. Let i(l) = 4*l - 54. Let h(n) = -11*g(n) - 2*i(n). Let w be h(9). Calculate the highest common factor of w and 42.
14
Let o(v) = -v**3 + 86*v**2 - 244*v + 79. Let x be o(83). What is the highest common divisor of x and 156?
26
Suppose -6*z + 10*z - 2*h = 290, -2*z + 2*h = -140. What is the greatest common divisor of 30 and z?
15
Suppose 1118 - 884 = 9*p. What is the highest common divisor of 299 and p?
13
Let m(y) = -y - 3. Let b be m(-16). Suppose 4*n - j = 213, 2*n = -4*j + j + 89. What is the highest common divisor of n and b?
13
Suppose -2 = 2*s - 10. Let x be 214/(-30) - (-14)/105. Let i(r) = r**3 + 5*r**2 - 16*r + 2. Let b be i(x). Calculate the greatest common factor of s and b.
4
Let j(r) = 2*r**3 - 2*r**2 - 4*r + 10. Let s be j(2). Calculate the greatest common divisor of 16 and s.
2
Suppose -3*f + g + 548 - 121 = 0, -2*f - 4*g + 266 = 0. What is the greatest common divisor of 94 and f?
47
Let s(n) = n**2 + 10*n - 35. Let o be s(-34). Calculate the highest common divisor of 11 and o.
11
Let s(n) = n + 4. Let z be s(-3). Let f be z*(-1)/(4/(-52)). Let x be f/(((-8)/(-20))/2). Calculate the highest common factor of 26 and x.
13
Suppose t - 2*c - 41 = 0, -c = -t + 4*t - 158. Let x = 16 + t. Let g = 117 - x. Calculate the greatest common divisor of g and 10.
10
Suppose 3*b - 2 = 2*b, 4*a - 5*b - 162 = 0. Let q = a + -30. What is the greatest common factor of q and 65?
13
Let b be (-15)/(-4)*(-2 + -2). Let w(i) = -i**2 - 17*i - 21. Let o be w(b). Calculate the highest common divisor of 27 and o.
9
Let m(s) = -s**2 + 11*s - 17. Let w be m(9). Let f be 56/21*(-3)/(-2). What is the greatest common divisor of w and f?
1
Let r = -2 - -4. Suppose -x + r*t + 1 - 2 = 0, 0 = -x + t + 1. Calculate the highest common factor of x and 1.
1
Suppose 10 = -7*t + 2*t. Let i(j) = j**2 - j. Let r be i(t). What is the greatest common factor of 24 and r?
6
Let w be 15*(3 - (-20)/5). What is the greatest common divisor of 175 and w?
35
Let n = 37 - 39. Let i be (72/(-20) - n)*-20. Calculate the greatest common factor of i and 8.
8
Suppose -27 = -5*a - 12. Suppose u + 49 = 4*d - a*d, -4*d + 203 = 3*u. Let g = 68 + -43. What is the highest common divisor of g and d?
25
Let w(q) = 3*q**3 - 7*q**2 + 16*q + 21. Let a be w(4). What is the greatest common factor of 240 and a?
15
Let p = -206 - -236. What is the greatest common factor of p and 60?
30
Let w be (-1)/((6364/(-48))/43 - (1 - 4)). Let n = 36 - 21. Let o = n + -9. What is the greatest common divisor of w and o?
6
Suppose -b - 4 = -3*b, 2*l = b + 16. Suppose -13 - 41 = -m. Calculate the greatest common divisor of m and l.
9
Suppose -31 - 20 = -3*a + 2*i, 5*i = -4*a + 68. Let t = 27 + a. Calculate the highest common divisor of t and 88.
44
Let d be 0 + (-10 + -5)*-4. What is the highest common factor of d and 24?
12
Suppose -20 = -2*j + j + w, -4*j - 3*w + 108 = 0. What is the greatest common factor of 104 and j?
8
Let g(l) = 3*l**3 - 2 + 6*l + 5*l - 6*l**2 - 6*l. Let s be g(3). Calculate the highest common divisor of 100 and s.
20
Let x = -297 - -477. Let y be 29 - (36/1)/4. Calculate the greatest common divisor of x and y.
20
Let r(v) = 15*v + 4. Let o be r(4). Let f = o - 46. Let c be (-2)/(-12) + 267/f. What is the highest common factor of c and 5?
5
Let k(w) be the third derivative of -w**6/30 + w**5/20 + w**4/4 + 7*w**3/6 - 37*w**2. Let a be k(-4). Calculate the greatest common divisor of a and 41.
41
Let k(v) = v**2 + 10*v - 9. Suppose 9*g + 53 = -3*a + 4*g, g + 15 = -a. Let f be k(a). Suppose -f*s + 144 = 4*s. What is the highest common factor of s and 36?
12
Let o(t) = 2*t**2 - 2*t - 1. Let p be o(-1). Let h be ((-2)/6)/((-3)/18). Let d be (h/(-4))/(5/(-60)). Calculate the greatest common factor of d and p.
3
Let u(a) = 61*a**2 - a + 2. Let o be u(-2). Let s be (4 - (9 - 2))/(36/(-372)). Calculate the highest common factor of o and s.
31
Let r = -24 + 27. Let a be 7/r + (-3)/9. Calculate the greatest common divisor of 4 and a.
2
Let b(s) = 3*s - 110. Let n be b(45). What is the highest common factor of 85 and n?
5
Suppose 10 = 2*a - 2*m, 21 = 3*a - 0*m - 5*m. Let f be (9/2)/(1/2). Suppose a*k + 28 = 4*d, -4*d = d + 4*k - f. What is the highest common divisor of d and 15?
5
Suppose -w = -4*i - 6, -3*w + w + 18 = -2*i. Suppose -23*j - 465 = -26*j. Let q = j - 145. What is the highest common divisor of w and q?
10
Suppose 8 = 4*a - 5*z, -5*a + 16*z + 10 = 17*z. Let q be a/7 + 57/21. Calculate the highest common divisor of 27 and q.
3
Suppose -259 = -14*w + 147. What is the greatest common divisor of 203 and w?
29
Suppose -4*z - 5*b = -118, 2*z + 4*b - 9 = 53. What is the greatest common factor of 513 and z?
27
Let b be (2/(-1))/(0 + -1). Let f be 4 - 3 - (-42)/b. Suppose 86*y - 220 = 82*y. What is the greatest common factor of y and f?
11
Suppose 158 = 8*m + 1222. Let b = m - -150. What is the highest common factor of 51 and b?
17
Let c = 17 + -18. Let s be -2 + 1*(c + 11). What is the highest common factor of s and 88?
8
Suppose 218 = 4*d - 94. What is the greatest common factor of d and 442?
26
Let x(l) be the first derivative of -5 + 20/3*l**3 - 2*l - l**2. Let y be x(-1). What is the highest common divisor of 50 and y?
10
Let w = -424 - -669. Calculate the greatest common divisor of 175 and w.
35
Let a be 345/46*(-8)/(-10). Let j be -7*(-10)/15*a/4. Calculate the highest common factor of j and 14.
7
Let l be (-1510)/(-75) - 12/90. What is the greatest common divisor of 32 and l?
4
Let s = 1365 - 1329. Calculate the greatest common factor of s and 918.
18
Let x(j) = -j**2 + j + 2. Suppose -3*c + 16 = -5*p, c = 6 - 4. Let w be x(p). Let o = 18 + w. What is the highest common divisor of 35 and o?
7
Suppose -189 = -4*a + 3*k, -3*a + 123 = -2*k + 6*k. What is the highest common divisor of 195 and a?
15
Let n = -36 - -41. Suppose 0 = n*f - 150 - 95. Calculate the greatest common divisor of f and 7.
7
Let i = 523 + -493. Calculate the greatest common divisor of i and 870.
30
Let t be 1 + (-1 + 0)*1 + 17. Let q be (21/35)/((-3)/(-765)). Calculate the greatest common divisor of q and t.
17
Suppose -4*t - 92 = 4*y, 0 = 5*y - 2*y - 15. Let i = 0 - t. Calculate the greatest common divisor of 70 and i.
14
Suppose r - 4*r = -k - 10, 0 = 5*r + 3*k - 40. Suppose r*n - 3*a - 42 = 0, 0*n = -n - 2*a - 2. What is the highest common divisor of n and 8?
2
Suppose 68 = -2*t + 3*k, -2*t + 20 = -3*t - 2*k. Let d be 1 + 36/t - (-450)/7. Calculate the highest common factor of 8 and d.
8
Let n = 397 - 141. Let b(j) = 3*j**2 - 11*j - 4. Let z be b(5). Calculate the greatest common factor of n and z.
16
Let v(m) = 19*m**3 + m**2 - m + 1. Let u be v(1). Let i = -1769 + 1799. What is the greatest common divisor of u and i?
10
Let t be 106/6 - (18/27 + -1). What is the highest common divisor of 207 and t?
9
Suppose 2*l - 5*i + 121 - 316 = 0, -3*l - i + 267 = 0. Calculate the greatest common divisor of l and 54.
18
Let b(f) = -f**2 + 0*f**2 - 2*f + 17 - f - 2*f. Let p be b(-7). Let h be 4 + (-4 - 2)/p. Calculate the greatest common factor of 14 and h.
2
Suppose -25*h - 44*h = -624 - 204. Let w be (-4)/(-10) + (-208)/(-5). What is the highest common factor of w and h?
6
Let q = -54 - -57. What is the highest common divisor of 141 and q?
3
Let v(h) = -h**3 + 8*h**2 + 10*h - 3. Suppose 0 = -5*d - 10, -3 + 0 = -t - 3*d. Let a be v(t). Calculate the highest common divisor of 30 and a.
6
Let o be (-10 - -30)*5/4. Suppose o = 3*s + 2*s. Calculate the greatest common factor of s and 40.
5
Let b = 298 - 273. Let g(v) = v**3 - 7*v**2 + 7*v + 4. Let n be g(6). Calculate the highest common factor of n and b.
5
Suppose -460 = 17*r - 27*r. Calculate the highest common factor of r and 161.
23
Suppose 4*f - 2 = 5*a - 1, 0 = 5*a - 3*f - 3. Suppose -a*y + 90 = 12. What is the highest common divisor of 65 and y?
13
Let c be 4 + 37 - -2 - (-2 - 3). Calculate the highest common divisor of 12 and c.
12
Suppose 18 = 3*x - 21. Let f(a) be the first derivative of -a**4/4 - a**3 - 4*a**2 + 14*a + 51. Let g be f(-5